by 54837?
89
What is the remainder when 1088637 is divided by 6933?
156
Calculate the remainder when 4426599 is divided by 58243.
131
What is the remainder when 556571 is divided by 21370?
951
Calculate the remainder when 223784978 is divided by 10316.
10306
What is the remainder when 1624216 is divided by 1624091?
125
What is the remainder when 7627205 is divided by 423731?
47
What is the remainder when 116104642 is divided by 58052315?
12
Calculate the remainder when 198523 is divided by 1910.
1793
What is the remainder when 1607851 is divided by 32154?
151
Calculate the remainder when 10371801 is divided by 69.
66
What is the remainder when 87087 is divided by 28975?
162
What is the remainder when 43304 is divided by 691?
462
What is the remainder when 81789115 is divided by 27263035?
10
Calculate the remainder when 427314 is divided by 419.
353
Calculate the remainder when 3207650 is divided by 1783.
33
What is the remainder when 346941 is divided by 532?
77
Calculate the remainder when 1142057 is divided by 59.
53
Calculate the remainder when 48508404 is divided by 112.
84
What is the remainder when 1088698 is divided by 272044?
522
What is the remainder when 16237363 is divided by 25?
13
What is the remainder when 3539641 is divided by 1523?
189
Calculate the remainder when 63708 is divided by 277.
275
Calculate the remainder when 24968 is divided by 52.
8
Calculate the remainder when 186198 is divided by 578.
82
What is the remainder when 369837752 is divided by 754?
752
What is the remainder when 10124040 is divided by 30221?
5
What is the remainder when 579905 is divided by 9658?
425
What is the remainder when 176952 is divided by 120?
72
Calculate the remainder when 23695517 is divided by 11847757.
3
What is the remainder when 602225 is divided by 1924?
13
What is the remainder when 19578021 is divided by 163150?
21
What is the remainder when 36399344 is divided by 19?
18
Calculate the remainder when 11132257 is divided by 682.
653
What is the remainder when 2030154 is divided by 406030?
4
What is the remainder when 7858739 is divided by 54?
11
What is the remainder when 211686 is divided by 1176?
6
Calculate the remainder when 143161 is divided by 970.
571
Calculate the remainder when 297933 is divided by 668.
5
Calculate the remainder when 11526216 is divided by 4757.
5
Calculate the remainder when 3382591 is divided by 3382557.
34
Calculate the remainder when 241235 is divided by 1676.
1567
Calculate the remainder when 9261076 is divided by 1762.
4
Calculate the remainder when 40210 is divided by 1904.
226
Calculate the remainder when 697481 is divided by 697340.
141
Calculate the remainder when 86719 is divided by 697.
291
What is the remainder when 34189 is divided by 10167?
3688
Calculate the remainder when 9151051 is divided by 2287705.
231
What is the remainder when 56662 is divided by 425?
137
What is the remainder when 269480778 is divided by 568?
562
Calculate the remainder when 104336476 is divided by 198.
178
Calculate the remainder when 1427161 is divided by 356788.
9
Calculate the remainder when 10264641 is divided by 181.
131
Calculate the remainder when 1007855 is divided by 251917.
187
Calculate the remainder when 2410539 is divided by 401741.
93
Calculate the remainder when 31079 is divided by 6196.
99
What is the remainder when 607721 is divided by 3339?
23
What is the remainder when 3049864 is divided by 91?
90
What is the remainder when 12920939 is divided by 760055?
4
What is the remainder when 1183984 is divided by 1876?
228
What is the remainder when 5304127 is divided by 204001?
101
Calculate the remainder when 2006341 is divided by 11208.
109
Calculate the remainder when 62447702 is divided by 393.
2
What is the remainder when 83731 is divided by 1117?
1073
Calculate the remainder when 194534605 is divided by 5394.
5389
What is the remainder when 6992 is divided by 6983?
9
What is the remainder when 1165507 is divided by 2220?
7
Calculate the remainder when 590713 is divided by 285.
193
Calculate the remainder when 246596 is divided by 415.
86
Calculate the remainder when 25618 is divided by 652.
190
What is the remainder when 15786038 is divided by 247?
21
Calculate the remainder when 22688874 is divided by 7975.
7974
Calculate the remainder when 4111012 is divided by 2694.
2662
What is the remainder when 208479 is divided by 208216?
263
What is the remainder when 38722213 is divided by 1871?
1868
What is the remainder when 59068 is divided by 1967?
58
What is the remainder when 5317713 is divided by 4748?
4701
Calculate the remainder when 70264913 is divided by 9429.
5
What is the remainder when 226990 is divided by 1027?
23
Calculate the remainder when 1284986 is divided by 11171.
321
What is the remainder when 4260848 is divided by 550?
548
Calculate the remainder when 360244 is divided by 23597.
6289
Calculate the remainder when 1536746 is divided by 109753.
204
What is the remainder when 16824387 is divided by 330?
327
Calculate the remainder when 20354521 is divided by 1019.
1015
What is the remainder when 52753 is divided by 25484?
1785
Calculate the remainder when 15670466 is divided by 1088.
2
What is the remainder when 2135802 is divided by 711929?
15
What is the remainder when 1896546 is divided by 2226?
2220
Calculate the remainder when 1140050 is divided by 379975.
125
Calculate the remainder when 805532 is divided by 131.
13
Calculate the remainder when 27776 is divided by 4866.
3446
Calculate the remainder when 50003746 is divided by 18.
16
What is the remainder when 524941 is divided by 91?
53
Calculate the remainder when 12360836 is divided by 5.
1
Calculate the remainder when 834515 is divided by 15.
5
What is the remainder when 476331 is divided by 29?
6
Calculate the remainder when 4729637 is divided by 336.
101
Calculate the remainder when 5647160 is divided by 1081.
16
What is the remainder when 7079175 is divided by 38060?
15
What is the remainder when 9801 is divided by 8776?
1025
Calculate the remainder when 25040412 is divided by 37.
33
What is the remainder when 1441551 is divided by 844?
843
Calculate the remainder when 928948 is divided by 10702.
8576
Calculate the remainder when 668249 is divided by 952.
897
What is the remainder when 718976 is divided by 19?
16
Calculate the remainder when 39351 is divided by 3268.
135
Calculate the remainder when 2380439 is divided by 498.
497
Calculate the remainder when 41315 is divided by 4692.
3779
Calculate the remainder when 38487781 is divided by 151.
146
Calculate the remainder when 286635441 is divided by 76.
73
What is the remainder when 32265 is divided by 3012?
2145
What is the remainder when 5952260 is divided by 16534?
20
Calculate the remainder when 31953701 is divided by 154.
87
Calculate the remainder when 114317781 is divided by 343.
340
What is the remainder when 815663 is divided by 32?
15
Calculate the remainder when 851395 is divided by 1918.
1721
Calculate the remainder when 222743544 is divided by 117.
114
Calculate the remainder when 37272382 is divided by 18.
16
What is the remainder when 351123 is divided by 864?
339
What is the remainder when 6288809 is divided by 187?
186
Calculate the remainder when 937398 is divided by 85194.
264
What is the remainder when 490911 is divided by 18?
15
Calculate the remainder when 144682259 is divided by 4568.
4563
Calculate the remainder when 7040721 is divided by 1392.
1377
What is the remainder when 1950395 is divided by 14133?
41
Calculate the remainder when 418650 is divided by 36.
6
What is the remainder when 11336 is divided by 2470?
1456
Calculate the remainder when 421121 is divided by 1207.
1085
Calculate the remainder when 3251868 is divided by 768.
156
What is the remainder when 5739722 is divided by 260896?
10
What is the remainder when 2332459 is divided by 20?
19
Calculate the remainder when 759177 is divided by 75913.
47
What is the remainder when 2885092 is divided by 961689?
25
Calculate the remainder when 75336 is divided by 864.
168
Calculate the remainder when 105486 is divided by 105215.
271
Calculate the remainder when 255003 is divided by 455.
203
What is the remainder when 482070 is divided by 440?
270
Calculate the remainder when 2917 is divided by 